{"id":8363,"date":"2026-02-06T13:17:04","date_gmt":"2026-02-06T12:17:04","guid":{"rendered":"https:\/\/audiowo.com\/datenschutzerklaerung\/"},"modified":"2026-04-09T17:31:28","modified_gmt":"2026-04-09T15:31:28","slug":"datenschutzerklaerung","status":"publish","type":"page","link":"https:\/\/audiowo.com\/de\/rechtliches\/datenschutzerklaerung\/","title":{"rendered":"Datenschutzerkl\u00e4rung"},"content":{"rendered":"\t\t<div data-elementor-type=\"wp-page\" data-elementor-id=\"8363\" class=\"elementor elementor-8363 elementor-3\" data-elementor-post-type=\"page\">\n\t\t\t\t<div class=\"elementor-element elementor-element-3e40102 e-flex e-con-boxed e-con e-parent\" data-id=\"3e40102\" data-element_type=\"container\" data-e-type=\"container\">\n\t\t\t\t\t<div class=\"e-con-inner\">\n\t\t\t\t<div class=\"elementor-element elementor-element-d462c38 elementor-widget elementor-widget-heading\" data-id=\"d462c38\" data-element_type=\"widget\" data-e-type=\"widget\" data-widget_type=\"heading.default\">\n\t\t\t\t\t<h1 class=\"elementor-heading-title elementor-size-default\">Datenschutzerkl\u00e4rung<\/h1>\t\t\t\t<\/div>\n\t\t\t\t\t<\/div>\n\t\t\t\t<\/div>\n\t\t<div class=\"elementor-element elementor-element-76b9d70 e-flex e-con-boxed e-con e-parent\" data-id=\"76b9d70\" data-element_type=\"container\" data-e-type=\"container\">\n\t\t\t\t\t<div class=\"e-con-inner\">\n\t\t\t\t\t\t\t<h4 \n\t\tdata-interaction-id=\"8f0586a\" \n\t\tclass=\"e-heading-base\" \n\t\t \n\t\tdata-e-type=\"widget\" data-id=\"8f0586a\"\n\t>\n\t\n\t\t\t  1. Verantwortlicher\n\t\t<\/h4>\n\t\t\t\t\t<\/div>\n\t\t\t\t<\/div>\n\t\t<div class=\"elementor-element elementor-element-2b1b74c e-flex e-con-boxed e-con e-parent\" data-id=\"2b1b74c\" data-element_type=\"container\" data-e-type=\"container\">\n\t\t\t\t\t<div class=\"e-con-inner\">\n\t\t\t\t\t\t\t\t<p class=\"e-paragraph-base\" data-interaction-id=\"699278d\"  data-e-type=\"widget\" data-id=\"699278d\">\n\t\t\t\t\t\t\t\t<strong>Fidelis Marketing Group S.L.<\/strong><br>Betreibende Marken: <strong>audiowo.com<\/strong>, <strong>escuchargratis.es<\/strong><br>In Spanien registriert<br>(\u201eUnternehmen\u201c, \u201ewir\u201c, \u201euns\u201c)\n\t\t\t\t\t<\/p>\n\t\t\t\t\t<\/div>\n\t\t\t\t<\/div>\n\t\t<div class=\"elementor-element elementor-element-dffd3b0 e-flex e-con-boxed e-con e-parent\" data-id=\"dffd3b0\" data-element_type=\"container\" data-e-type=\"container\">\n\t\t\t\t\t<div class=\"e-con-inner\">\n\t\t\t\t\t\t\t<h4 \n\t\tdata-interaction-id=\"e04e82b\" \n\t\tclass=\"e-heading-base\" \n\t\t \n\t\tdata-e-type=\"widget\" data-id=\"e04e82b\"\n\t>\n\t\n\t\t\t2. Erhobene Daten\n\t\t<\/h4>\n\t\t\t\t\t<\/div>\n\t\t\t\t<\/div>\n\t\t<div class=\"elementor-element elementor-element-de72aba e-flex e-con-boxed e-con e-parent\" data-id=\"de72aba\" data-element_type=\"container\" data-e-type=\"container\">\n\t\t\t\t\t<div class=\"e-con-inner\">\n\t\t\t\t\t\t\t\t<p class=\"e-paragraph-base\" data-interaction-id=\"9f9879c\"  data-e-type=\"widget\" data-id=\"9f9879c\">\n\t\t\t\t\t\t\t\tWir erheben: Name, E-Mail, Unternehmensdaten, Abrechnungsinformationen, IP-Adresse und Nutzungsdaten, hochgeladene Inhalte (K\u00fcnstler)\n\t\t\t\t\t<\/p>\n\t\t\t\t\t<\/div>\n\t\t\t\t<\/div>\n\t\t<div class=\"elementor-element elementor-element-eab8629 e-flex e-con-boxed e-con e-parent\" data-id=\"eab8629\" data-element_type=\"container\" data-e-type=\"container\">\n\t\t\t\t\t<div class=\"e-con-inner\">\n\t\t\t\t\t\t\t<h4 \n\t\tdata-interaction-id=\"f75ba1f\" \n\t\tclass=\"e-heading-base\" \n\t\t \n\t\tdata-e-type=\"widget\" data-id=\"f75ba1f\"\n\t>\n\t\n\t\t\t3. Zweck\n\t\t<\/h4>\n\t\t\t\t\t<\/div>\n\t\t\t\t<\/div>\n\t\t<div class=\"elementor-element elementor-element-30998a2 e-flex e-con-boxed e-con e-parent\" data-id=\"30998a2\" data-element_type=\"container\" data-e-type=\"container\">\n\t\t\t\t\t<div class=\"e-con-inner\">\n\t\t\t\t\t\t\t\t<p class=\"e-paragraph-base\" data-interaction-id=\"57a0ca2\"  data-e-type=\"widget\" data-id=\"57a0ca2\">\n\t\t\t\t\t\t\t\tDaten werden verarbeitet, um: Dienstleistungen bereitzustellen, Abonnements zu verwalten, Zahlungen zu verarbeiten, gesetzlichen Verpflichtungen nachzukommen\n\t\t\t\t\t<\/p>\n\t\t\t\t\t<\/div>\n\t\t\t\t<\/div>\n\t\t<div class=\"elementor-element elementor-element-43f66c0 e-flex e-con-boxed e-con e-parent\" data-id=\"43f66c0\" data-element_type=\"container\" data-e-type=\"container\">\n\t\t\t\t\t<div class=\"e-con-inner\">\n\t\t\t\t\t\t\t<h4 \n\t\tdata-interaction-id=\"1d609ba\" \n\t\tclass=\"e-heading-base\" \n\t\t \n\t\tdata-e-type=\"widget\" data-id=\"1d609ba\"\n\t>\n\t\n\t\t\t4. Rechtsgrundlage\n\t\t<\/h4>\n\t\t\t\t\t<\/div>\n\t\t\t\t<\/div>\n\t\t<div class=\"elementor-element elementor-element-2c4a89a e-flex e-con-boxed e-con e-parent\" data-id=\"2c4a89a\" data-element_type=\"container\" data-e-type=\"container\">\n\t\t\t\t\t<div class=\"e-con-inner\">\n\t\t\t\t\t\t\t\t<p class=\"e-paragraph-base\" data-interaction-id=\"1992afd\"  data-e-type=\"widget\" data-id=\"1992afd\">\n\t\t\t\t\t\t\t\tDie Verarbeitung basiert auf: Vertragserf\u00fcllung, gesetzlichen Verpflichtungen, berechtigtem Interesse\n\t\t\t\t\t<\/p>\n\t\t\t\t\t<\/div>\n\t\t\t\t<\/div>\n\t\t<div class=\"elementor-element elementor-element-ff2da94 e-flex e-con-boxed e-con e-parent\" data-id=\"ff2da94\" data-element_type=\"container\" data-e-type=\"container\">\n\t\t\t\t\t<div class=\"e-con-inner\">\n\t\t\t\t\t\t\t<h4 \n\t\tdata-interaction-id=\"dbaf626\" \n\t\tclass=\"e-heading-base\" \n\t\t \n\t\tdata-e-type=\"widget\" data-id=\"dbaf626\"\n\t>\n\t\n\t\t\t5. Datenweitergabe\n\t\t<\/h4>\n\t\t\t\t\t<\/div>\n\t\t\t\t<\/div>\n\t\t<div class=\"elementor-element elementor-element-c1dba76 e-flex e-con-boxed e-con e-parent\" data-id=\"c1dba76\" data-element_type=\"container\" data-e-type=\"container\">\n\t\t\t\t\t<div class=\"e-con-inner\">\n\t\t\t\t\t\t\t\t<p class=\"e-paragraph-base\" data-interaction-id=\"0a4693a\"  data-e-type=\"widget\" data-id=\"0a4693a\">\n\t\t\t\t\t\t\t\tDaten k\u00f6nnen weitergegeben werden an: Zahlungsdienstleister, Hosting- und IT-Dienstleister. Es werden keine Daten verkauft.\n\t\t\t\t\t<\/p>\n\t\t\t\t\t<\/div>\n\t\t\t\t<\/div>\n\t\t<div class=\"elementor-element elementor-element-a447c6b e-flex e-con-boxed e-con e-parent\" data-id=\"a447c6b\" data-element_type=\"container\" data-e-type=\"container\">\n\t\t\t\t\t<div class=\"e-con-inner\">\n\t\t\t\t\t\t\t<h4 \n\t\tdata-interaction-id=\"1565e33\" \n\t\tclass=\"e-heading-base\" \n\t\t \n\t\tdata-e-type=\"widget\" data-id=\"1565e33\"\n\t>\n\t\n\t\t\t6. Datenspeicherung\n\t\t<\/h4>\n\t\t\t\t\t<\/div>\n\t\t\t\t<\/div>\n\t\t<div class=\"elementor-element elementor-element-ae54121 e-flex e-con-boxed e-con e-parent\" data-id=\"ae54121\" data-element_type=\"container\" data-e-type=\"container\">\n\t\t\t\t\t<div class=\"e-con-inner\">\n\t\t\t\t\t\t\t\t<p class=\"e-paragraph-base\" data-interaction-id=\"5784ae2\"  data-e-type=\"widget\" data-id=\"5784ae2\">\n\t\t\t\t\t\t\t\tDaten werden nur so lange gespeichert, wie es f\u00fcr rechtliche und betriebliche Zwecke erforderlich ist.\n\t\t\t\t\t<\/p>\n\t\t\t\t\t<\/div>\n\t\t\t\t<\/div>\n\t\t<div class=\"elementor-element elementor-element-accb6e5 e-flex e-con-boxed e-con e-parent\" data-id=\"accb6e5\" data-element_type=\"container\" data-e-type=\"container\">\n\t\t\t\t\t<div class=\"e-con-inner\">\n\t\t\t\t\t\t\t<h4 \n\t\tdata-interaction-id=\"6563d9e\" \n\t\tclass=\"e-heading-base\" \n\t\t \n\t\tdata-e-type=\"widget\" data-id=\"6563d9e\"\n\t>\n\t\n\t\t\t7. Rechte der Nutzer\n\t\t<\/h4>\n\t\t\t\t\t<\/div>\n\t\t\t\t<\/div>\n\t\t<div class=\"elementor-element elementor-element-3a074de e-flex e-con-boxed e-con e-parent\" data-id=\"3a074de\" data-element_type=\"container\" data-e-type=\"container\">\n\t\t\t\t\t<div class=\"e-con-inner\">\n\t\t\t\t\t\t\t\t<p class=\"e-paragraph-base\" data-interaction-id=\"c3af79d\"  data-e-type=\"widget\" data-id=\"c3af79d\">\n\t\t\t\t\t\t\t\tNutzer k\u00f6nnen Folgendes anfordern: Auskunft, Berichtigung, L\u00f6schung, Einschr\u00e4nkung, Daten\u00fcbertragbarkeit. Anfragen k\u00f6nnen gesendet werden an: <strong>info@fidelismarketinggroupsl.com<\/strong>\n\t\t\t\t\t<\/p>\n\t\t\t\t\t<\/div>\n\t\t\t\t<\/div>\n\t\t<div class=\"elementor-element elementor-element-507a5de e-flex e-con-boxed e-con e-parent\" data-id=\"507a5de\" data-element_type=\"container\" data-e-type=\"container\">\n\t\t\t\t\t<div class=\"e-con-inner\">\n\t\t\t\t\t\t\t<h4 \n\t\tdata-interaction-id=\"306dc3d\" \n\t\tclass=\"e-heading-base\" \n\t\t \n\t\tdata-e-type=\"widget\" data-id=\"306dc3d\"\n\t>\n\t\n\t\t\t8. Sicherheit\n\t\t<\/h4>\n\t\t\t\t\t<\/div>\n\t\t\t\t<\/div>\n\t\t<div class=\"elementor-element elementor-element-332492b e-flex e-con-boxed e-con e-parent\" data-id=\"332492b\" data-element_type=\"container\" data-e-type=\"container\">\n\t\t\t\t\t<div class=\"e-con-inner\">\n\t\t\t\t\t\t\t\t<p class=\"e-paragraph-base\" data-interaction-id=\"bba3fed\"  data-e-type=\"widget\" data-id=\"bba3fed\">\n\t\t\t\t\t\t\t\tEs werden geeignete technische und organisatorische Ma\u00dfnahmen angewendet.\n\t\t\t\t\t<\/p>\n\t\t\t\t\t<\/div>\n\t\t\t\t<\/div>\n\t\t\t\t<\/div>\n\t\t","protected":false},"excerpt":{"rendered":"<p>Datenschutzerkl\u00e4rung 1. Verantwortlicher Fidelis Marketing Group S.L.Betreibende Marken: audiowo.com, escuchargratis.esIn Spanien registriert(\u201eUnternehmen\u201c, \u201ewir\u201c, \u201euns\u201c) 2. Erhobene Daten Wir erheben: Name, E-Mail, Unternehmensdaten, Abrechnungsinformationen, IP-Adresse und Nutzungsdaten, hochgeladene Inhalte (K\u00fcnstler) 3. Zweck Daten werden verarbeitet, um: Dienstleistungen bereitzustellen, Abonnements zu verwalten, Zahlungen zu verarbeiten, gesetzlichen Verpflichtungen nachzukommen 4. Rechtsgrundlage Die Verarbeitung basiert auf: Vertragserf\u00fcllung, gesetzlichen Verpflichtungen, [&hellip;]<\/p>\n","protected":false},"author":1,"featured_media":0,"parent":8439,"menu_order":0,"comment_status":"closed","ping_status":"closed","template":"elementor_header_footer","meta":{"_acf_changed":false,"footnotes":""},"class_list":["post-8363","page","type-page","status-publish","hentry"],"acf":[],"_links":{"self":[{"href":"https:\/\/audiowo.com\/de\/wp-json\/wp\/v2\/pages\/8363","targetHints":{"allow":["GET"]}}],"collection":[{"href":"https:\/\/audiowo.com\/de\/wp-json\/wp\/v2\/pages"}],"about":[{"href":"https:\/\/audiowo.com\/de\/wp-json\/wp\/v2\/types\/page"}],"author":[{"embeddable":true,"href":"https:\/\/audiowo.com\/de\/wp-json\/wp\/v2\/users\/1"}],"replies":[{"embeddable":true,"href":"https:\/\/audiowo.com\/de\/wp-json\/wp\/v2\/comments?post=8363"}],"version-history":[{"count":0,"href":"https:\/\/audiowo.com\/de\/wp-json\/wp\/v2\/pages\/8363\/revisions"}],"up":[{"embeddable":true,"href":"https:\/\/audiowo.com\/de\/wp-json\/wp\/v2\/pages\/8439"}],"wp:attachment":[{"href":"https:\/\/audiowo.com\/de\/wp-json\/wp\/v2\/media?parent=8363"}],"curies":[{"name":"wp","href":"https:\/\/api.w.org\/{rel}","templated":true}]}}

Datenschutzerklärung

<div data-elementor-type="wp-page" data-elementor-id="8363" class="elementor elementor-8363 elementor-3" data-elementor-post-type="page">
				<div class="elementor-element elementor-element-3e40102 e-flex e-con-boxed e-con e-parent" data-id="3e40102" data-element_type="container" data-e-type="container">
					<div class="e-con-inner">
				<div class="elementor-element elementor-element-d462c38 elementor-widget elementor-widget-heading" data-id="d462c38" data-element_type="widget" data-e-type="widget" data-widget_type="heading.default">
					<h1 class="elementor-heading-title elementor-size-default">Datenschutzerklärung</h1>				</div>
					</div>
				</div>
		<div class="elementor-element elementor-element-76b9d70 e-flex e-con-boxed e-con e-parent" data-id="76b9d70" data-element_type="container" data-e-type="container">
					<div class="e-con-inner">
							<h4 
		data-interaction-id="8f0586a" 
		class="e-heading-base" 
		 
		data-e-type="widget" data-id="8f0586a"
	>
	
			  1. Verantwortlicher
		</h4>
					</div>
				</div>
		<div class="elementor-element elementor-element-2b1b74c e-flex e-con-boxed e-con e-parent" data-id="2b1b74c" data-element_type="container" data-e-type="container">
					<div class="e-con-inner">
								<p class="e-paragraph-base" data-interaction-id="699278d"  data-e-type="widget" data-id="699278d">
								<strong>Fidelis Marketing Group S.L.</strong><br>Betreibende Marken: <strong>audiowo.com</strong>, <strong>escuchargratis.es</strong><br>In Spanien registriert<br>(„Unternehmen“, „wir“, „uns“)
					</p>
					</div>
				</div>
		<div class="elementor-element elementor-element-dffd3b0 e-flex e-con-boxed e-con e-parent" data-id="dffd3b0" data-element_type="container" data-e-type="container">
					<div class="e-con-inner">
							<h4 
		data-interaction-id="e04e82b" 
		class="e-heading-base" 
		 
		data-e-type="widget" data-id="e04e82b"
	>
	
			2. Erhobene Daten
		</h4>
					</div>
				</div>
		<div class="elementor-element elementor-element-de72aba e-flex e-con-boxed e-con e-parent" data-id="de72aba" data-element_type="container" data-e-type="container">
					<div class="e-con-inner">
								<p class="e-paragraph-base" data-interaction-id="9f9879c"  data-e-type="widget" data-id="9f9879c">
								Wir erheben: Name, E-Mail, Unternehmensdaten, Abrechnungsinformationen, IP-Adresse und Nutzungsdaten, hochgeladene Inhalte (Künstler)
					</p>
					</div>
				</div>
		<div class="elementor-element elementor-element-eab8629 e-flex e-con-boxed e-con e-parent" data-id="eab8629" data-element_type="container" data-e-type="container">
					<div class="e-con-inner">
							<h4 
		data-interaction-id="f75ba1f" 
		class="e-heading-base" 
		 
		data-e-type="widget" data-id="f75ba1f"
	>
	
			3. Zweck
		</h4>
					</div>
				</div>
		<div class="elementor-element elementor-element-30998a2 e-flex e-con-boxed e-con e-parent" data-id="30998a2" data-element_type="container" data-e-type="container">
					<div class="e-con-inner">
								<p class="e-paragraph-base" data-interaction-id="57a0ca2"  data-e-type="widget" data-id="57a0ca2">
								Daten werden verarbeitet, um: Dienstleistungen bereitzustellen, Abonnements zu verwalten, Zahlungen zu verarbeiten, gesetzlichen Verpflichtungen nachzukommen
					</p>
					</div>
				</div>
		<div class="elementor-element elementor-element-43f66c0 e-flex e-con-boxed e-con e-parent" data-id="43f66c0" data-element_type="container" data-e-type="container">
					<div class="e-con-inner">
							<h4 
		data-interaction-id="1d609ba" 
		class="e-heading-base" 
		 
		data-e-type="widget" data-id="1d609ba"
	>
	
			4. Rechtsgrundlage
		</h4>
					</div>
				</div>
		<div class="elementor-element elementor-element-2c4a89a e-flex e-con-boxed e-con e-parent" data-id="2c4a89a" data-element_type="container" data-e-type="container">
					<div class="e-con-inner">
								<p class="e-paragraph-base" data-interaction-id="1992afd"  data-e-type="widget" data-id="1992afd">
								Die Verarbeitung basiert auf: Vertragserfüllung, gesetzlichen Verpflichtungen, berechtigtem Interesse
					</p>
					</div>
				</div>
		<div class="elementor-element elementor-element-ff2da94 e-flex e-con-boxed e-con e-parent" data-id="ff2da94" data-element_type="container" data-e-type="container">
					<div class="e-con-inner">
							<h4 
		data-interaction-id="dbaf626" 
		class="e-heading-base" 
		 
		data-e-type="widget" data-id="dbaf626"
	>
	
			5. Datenweitergabe
		</h4>
					</div>
				</div>
		<div class="elementor-element elementor-element-c1dba76 e-flex e-con-boxed e-con e-parent" data-id="c1dba76" data-element_type="container" data-e-type="container">
					<div class="e-con-inner">
								<p class="e-paragraph-base" data-interaction-id="0a4693a"  data-e-type="widget" data-id="0a4693a">
								Daten können weitergegeben werden an: Zahlungsdienstleister, Hosting- und IT-Dienstleister. Es werden keine Daten verkauft.
					</p>
					</div>
				</div>
		<div class="elementor-element elementor-element-a447c6b e-flex e-con-boxed e-con e-parent" data-id="a447c6b" data-element_type="container" data-e-type="container">
					<div class="e-con-inner">
							<h4 
		data-interaction-id="1565e33" 
		class="e-heading-base" 
		 
		data-e-type="widget" data-id="1565e33"
	>
	
			6. Datenspeicherung
		</h4>
					</div>
				</div>
		<div class="elementor-element elementor-element-ae54121 e-flex e-con-boxed e-con e-parent" data-id="ae54121" data-element_type="container" data-e-type="container">
					<div class="e-con-inner">
								<p class="e-paragraph-base" data-interaction-id="5784ae2"  data-e-type="widget" data-id="5784ae2">
								Daten werden nur so lange gespeichert, wie es für rechtliche und betriebliche Zwecke erforderlich ist.
					</p>
					</div>
				</div>
		<div class="elementor-element elementor-element-accb6e5 e-flex e-con-boxed e-con e-parent" data-id="accb6e5" data-element_type="container" data-e-type="container">
					<div class="e-con-inner">
							<h4 
		data-interaction-id="6563d9e" 
		class="e-heading-base" 
		 
		data-e-type="widget" data-id="6563d9e"
	>
	
			7. Rechte der Nutzer
		</h4>
					</div>
				</div>
		<div class="elementor-element elementor-element-3a074de e-flex e-con-boxed e-con e-parent" data-id="3a074de" data-element_type="container" data-e-type="container">
					<div class="e-con-inner">
								<p class="e-paragraph-base" data-interaction-id="c3af79d"  data-e-type="widget" data-id="c3af79d">
								Nutzer können Folgendes anfordern: Auskunft, Berichtigung, Löschung, Einschränkung, Datenübertragbarkeit. Anfragen können gesendet werden an: <strong>info@fidelismarketinggroupsl.com</strong>
					</p>
					</div>
				</div>
		<div class="elementor-element elementor-element-507a5de e-flex e-con-boxed e-con e-parent" data-id="507a5de" data-element_type="container" data-e-type="container">
					<div class="e-con-inner">
							<h4 
		data-interaction-id="306dc3d" 
		class="e-heading-base" 
		 
		data-e-type="widget" data-id="306dc3d"
	>
	
			8. Sicherheit
		</h4>
					</div>
				</div>
		<div class="elementor-element elementor-element-332492b e-flex e-con-boxed e-con e-parent" data-id="332492b" data-element_type="container" data-e-type="container">
					<div class="e-con-inner">
								<p class="e-paragraph-base" data-interaction-id="bba3fed"  data-e-type="widget" data-id="bba3fed">
								Es werden geeignete technische und organisatorische Maßnahmen angewendet.
					</p>
					</div>
				</div>
				</div>

<p>Datenschutzerklärung 1. Verantwortlicher Fidelis Marketing Group S.L.Betreibende Marken: audiowo.com, escuchargratis.esIn Spanien registriert(„Unternehmen“, „wir“, „uns“) 2. Erhobene Daten Wir erheben: Name, E-Mail, Unternehmensdaten, Abrechnungsinformationen, IP-Adresse und Nutzungsdaten, hochgeladene Inhalte (Künstler) 3. Zweck Daten werden verarbeitet, um: Dienstleistungen bereitzustellen, Abonnements zu verwalten, Zahlungen zu verarbeiten, gesetzlichen Verpflichtungen nachzukommen 4. Rechtsgrundlage Die Verarbeitung basiert auf: Vertragserfüllung, gesetzlichen Verpflichtungen, [&hellip;]</p>
