{"id":7917,"date":"2026-04-08T13:05:41","date_gmt":"2026-04-08T11:05:41","guid":{"rendered":"https:\/\/audiowo.com\/feito-por-medida\/"},"modified":"2026-04-09T16:14:12","modified_gmt":"2026-04-09T14:14:12","slug":"feito-por-medida","status":"publish","type":"page","link":"https:\/\/audiowo.com\/pt-pt\/feito-por-medida\/","title":{"rendered":"Feito por medida"},"content":{"rendered":"\t\t<div data-elementor-type=\"wp-page\" data-elementor-id=\"7917\" class=\"elementor elementor-7917 elementor-5263\" data-elementor-post-type=\"page\">\n\t\t\t\t<div class=\"elementor-element elementor-element-7afe304 e-flex e-con-boxed e-con e-parent\" data-id=\"7afe304\" data-element_type=\"container\" data-e-type=\"container\">\n\t\t\t\t\t<div class=\"e-con-inner\">\n\t\t\t\t<div class=\"elementor-element elementor-element-d711f11 elementor-widget elementor-widget-heading\" data-id=\"d711f11\" data-element_type=\"widget\" data-e-type=\"widget\" data-widget_type=\"heading.default\">\n\t\t\t\t\t<h1 class=\"elementor-heading-title elementor-size-default\">Faixas Musicais Feitas por Medida<\/h1>\t\t\t\t<\/div>\n\t\t\t\t\t<\/div>\n\t\t\t\t<\/div>\n\t\t<div class=\"elementor-element elementor-element-b3a24c1 e-flex e-con-boxed e-con e-parent\" data-id=\"b3a24c1\" data-element_type=\"container\" data-e-type=\"container\">\n\t\t\t\t\t<div class=\"e-con-inner\">\n\t\t\t\t<div class=\"elementor-element elementor-element-958aea1 elementor-widget elementor-widget-heading\" data-id=\"958aea1\" data-element_type=\"widget\" data-e-type=\"widget\" data-widget_type=\"heading.default\">\n\t\t\t\t\t<h3 class=\"elementor-heading-title elementor-size-default\">Adaptadas \u00e0 Sua Vis\u00e3o e Marca<\/h3>\t\t\t\t<\/div>\n\t\t\t\t\t<\/div>\n\t\t\t\t<\/div>\n\t\t<div class=\"elementor-element elementor-element-11b1652 e-flex e-con-boxed e-con e-parent\" data-id=\"11b1652\" data-element_type=\"container\" data-e-type=\"container\">\n\t\t\t\t\t<div class=\"e-con-inner\">\n\t\t<div class=\"elementor-element elementor-element-dedd173 e-con-full e-flex e-con e-child\" data-id=\"dedd173\" data-element_type=\"container\" data-e-type=\"container\">\n\t\t\t\t<div class=\"elementor-element elementor-element-f6ccb80 elementor-widget elementor-widget-text-editor\" data-id=\"f6ccb80\" data-element_type=\"widget\" data-e-type=\"widget\" data-widget_type=\"text-editor.default\">\n\t\t\t\t\t\t\t\t\t<h3 data-section-id=\"yc8960\" data-start=\"398\" data-end=\"445\">M\u00fasica Feita por Medida<\/h3><p data-start=\"447\" data-end=\"686\">Procura uma faixa musical \u00fanica que se adapte perfeitamente \u00e0 sua ideia, marca ou projeto? Na Audiowo, cada faixa \u00e9 criada de raiz por medida pelo produtor fantasma Don Fidelis, garantindo originalidade, qualidade e um som que verdadeiramente se destaca. <\/p><p data-start=\"688\" data-end=\"705\">Quer necessite de:<\/p><ul data-start=\"706\" data-end=\"946\"><li data-section-id=\"1jk1log\" data-start=\"706\" data-end=\"774\">Um g\u00e9nero espec\u00edfico (EDM, pop, hip-hop, cinem\u00e1tico, ambiente, etc.)<\/li><li data-section-id=\"z43kc4\" data-start=\"775\" data-end=\"807\">Uma faixa totalmente instrumental<\/li><li data-section-id=\"19ebevm\" data-start=\"808\" data-end=\"835\">Vocais masculinos ou femininos<\/li><li data-section-id=\"xa32kv\" data-start=\"836\" data-end=\"894\">M\u00fasica para branding, publicidade ou identidade empresarial<\/li><li data-section-id=\"16sjc85\" data-start=\"895\" data-end=\"946\">Ou uma faixa baseada num tema ou hist\u00f3ria espec\u00edficos<\/li><li data-section-id=\"16sjc85\" data-start=\"895\" data-end=\"946\">Em qualquer idioma<\/li><\/ul><p data-start=\"948\" data-end=\"1007\">Praticamente qualquer conceito razo\u00e1vel pode ser traduzido em m\u00fasica.<\/p><h4 data-section-id=\"10gtqvy\" data-start=\"1009\" data-end=\"1039\">Potenciado por Experi\u00eancia + IA<\/h4><p data-start=\"1041\" data-end=\"1161\">Com anos de experi\u00eancia em produ\u00e7\u00e3o, Don Fidelis integra agora ferramentas avan\u00e7adas de IA no seu fluxo de trabalho. Isto permite: <\/p><ul data-start=\"1162\" data-end=\"1265\"><li data-section-id=\"ngut33\" data-start=\"1162\" data-end=\"1190\">Ciclos de produ\u00e7\u00e3o mais r\u00e1pidos<\/li><li data-section-id=\"1gsr04c\" data-start=\"1191\" data-end=\"1223\">Maior flexibilidade criativa<\/li><li data-section-id=\"18f8q\" data-start=\"1224\" data-end=\"1265\">Design sonoro mais refinado e diversificado<\/li><\/ul><p data-start=\"1267\" data-end=\"1366\">O resultado: m\u00fasica de maior qualidade, entregue de forma eficiente, sem comprometer o controlo art\u00edstico.<\/p><h4 data-section-id=\"u4dr43\" data-start=\"1368\" data-end=\"1398\">Qualidade Sonora Profissional<\/h4><p data-start=\"1400\" data-end=\"1471\">Cada faixa \u00e9 profissionalmente misturada e masterizada segundo os padr\u00f5es da ind\u00fastria:<\/p><ul data-start=\"1472\" data-end=\"1529\"><li data-section-id=\"lf88k\" data-start=\"1472\" data-end=\"1500\">LUFS integrado: ~12<\/li><li data-section-id=\"1xy6v74\" data-start=\"1501\" data-end=\"1529\">LUFS de curto prazo: ~10<\/li><\/ul><p data-start=\"1531\" data-end=\"1615\">Isto garante que a sua m\u00fasica soa potente, clara e consistente em todas as plataformas.<\/p><h4 data-section-id=\"nq0mmo\" data-start=\"1617\" data-end=\"1645\">Porqu\u00ea Escolher M\u00fasica Personalizada?<\/h4><ul data-start=\"1647\" data-end=\"1849\"><li data-section-id=\"sf6ua5\" data-start=\"1647\" data-end=\"1693\">100 % \u00fanica \u2014 sem conte\u00fado de stock ou reciclado<\/li><li data-section-id=\"vuf1xl\" data-start=\"1694\" data-end=\"1746\">Totalmente alinhada com a sua vis\u00e3o ou identidade de marca<\/li><li data-section-id=\"1mos9vp\" data-start=\"1747\" data-end=\"1784\">Flex\u00edvel em g\u00e9neros e estilos<\/li><li data-section-id=\"1c7ouvu\" data-start=\"1785\" data-end=\"1849\">Adequada para uso comercial, marketing ou projetos pessoais<\/li><\/ul>\t\t\t\t\t\t\t\t<\/div>\n\t\t\t\t<\/div>\n\t\t<div class=\"elementor-element elementor-element-435755d e-con-full e-flex e-con e-child\" data-id=\"435755d\" data-element_type=\"container\" data-e-type=\"container\">\n\t\t\t\t<div class=\"elementor-element elementor-element-625eccd elementor-grid-1 elementor-product-loop-item--align-center elementor-grid-tablet-3 elementor-grid-mobile-2 elementor-products-grid elementor-wc-products elementor-widget elementor-widget-woocommerce-products\" data-id=\"625eccd\" data-element_type=\"widget\" data-e-type=\"widget\" data-widget_type=\"woocommerce-products.default\">\n\t\t\t\t<div class=\"elementor-widget-container\">\n\t\t\t\t\t<div class=\"woocommerce columns-1 \"><ul class=\"products elementor-grid columns-1\">\n<li class=\"product type-product post-8092 status-publish first instock product_cat-nao-categorizado has-post-thumbnail taxable shipping-taxable purchasable product-type-simple\">\n\t<a href=\"https:\/\/audiowo.com\/pt-pt\/produto\/faixa-de-musica-personalizada\/\" class=\"woocommerce-LoopProduct-link woocommerce-loop-product__link\"><img fetchpriority=\"high\" decoding=\"async\" width=\"300\" height=\"300\" src=\"https:\/\/audiowo.com\/wp-content\/uploads\/2026\/04\/Custom-made-music-track-Audiowo-Don-Fidelis-300x300.webp\" class=\"attachment-woocommerce_thumbnail size-woocommerce_thumbnail\" alt=\"Custom made music track - Audiowo - Don Fidelis\" srcset=\"https:\/\/audiowo.com\/wp-content\/uploads\/2026\/04\/Custom-made-music-track-Audiowo-Don-Fidelis-300x300.webp 300w, https:\/\/audiowo.com\/wp-content\/uploads\/2026\/04\/Custom-made-music-track-Audiowo-Don-Fidelis-150x150.webp 150w, https:\/\/audiowo.com\/wp-content\/uploads\/2026\/04\/Custom-made-music-track-Audiowo-Don-Fidelis-768x768.webp 768w, https:\/\/audiowo.com\/wp-content\/uploads\/2026\/04\/Custom-made-music-track-Audiowo-Don-Fidelis-600x600.webp 600w, https:\/\/audiowo.com\/wp-content\/uploads\/2026\/04\/Custom-made-music-track-Audiowo-Don-Fidelis-100x100.webp 100w, https:\/\/audiowo.com\/wp-content\/uploads\/2026\/04\/Custom-made-music-track-Audiowo-Don-Fidelis.webp 800w\" sizes=\"(max-width: 300px) 100vw, 300px\" \/><h2 class=\"woocommerce-loop-product__title\">Faixa de M\u00fasica Personalizada<\/h2>\n\t<span class=\"price\"><span class=\"woocommerce-Price-amount amount\"><bdi>300,00&nbsp;<span class=\"woocommerce-Price-currencySymbol\">&euro;<\/span><\/bdi><\/span><\/span>\n<\/a><a href=\"\/pt-pt\/wp-json\/wp\/v2\/pages\/7917?add-to-cart=8092\" aria-describedby=\"woocommerce_loop_add_to_cart_link_describedby_8092\" data-quantity=\"1\" class=\"button product_type_simple add_to_cart_button ajax_add_to_cart\" data-product_id=\"8092\" data-product_sku=\"\" aria-label=\"Adiciona ao carrinho: &ldquo;Faixa de M\u00fasica Personalizada&rdquo;\" rel=\"nofollow\" data-success_message=\"\u00abFaixa de M\u00fasica Personalizada\u00bb foi adicionado ao seu carrinho\" role=\"button\">Adicionar<\/a>\t<span id=\"woocommerce_loop_add_to_cart_link_describedby_8092\" class=\"screen-reader-text\">\n\t\t\t<\/span>\n<\/li>\n<\/ul>\n<\/div>\t\t\t\t<\/div>\n\t\t\t\t<\/div>\n\t\t\t\t<\/div>\n\t\t\t\t\t<\/div>\n\t\t\t\t<\/div>\n\t\t\t\t<\/div>\n\t\t","protected":false},"excerpt":{"rendered":"<p>Faixas Musicais Feitas por Medida Adaptadas \u00e0 Sua Vis\u00e3o e Marca M\u00fasica Feita por Medida Procura uma faixa musical \u00fanica que se adapte perfeitamente \u00e0 sua ideia, marca ou projeto? Na Audiowo, cada faixa \u00e9 criada de raiz por medida pelo produtor fantasma Don Fidelis, garantindo originalidade, qualidade e um som que verdadeiramente se destaca. [&hellip;]<\/p>\n","protected":false},"author":1,"featured_media":0,"parent":0,"menu_order":0,"comment_status":"closed","ping_status":"closed","template":"elementor_header_footer","meta":{"_acf_changed":false,"footnotes":""},"class_list":["post-7917","page","type-page","status-publish","hentry"],"acf":[],"_links":{"self":[{"href":"https:\/\/audiowo.com\/pt-pt\/wp-json\/wp\/v2\/pages\/7917","targetHints":{"allow":["GET"]}}],"collection":[{"href":"https:\/\/audiowo.com\/pt-pt\/wp-json\/wp\/v2\/pages"}],"about":[{"href":"https:\/\/audiowo.com\/pt-pt\/wp-json\/wp\/v2\/types\/page"}],"author":[{"embeddable":true,"href":"https:\/\/audiowo.com\/pt-pt\/wp-json\/wp\/v2\/users\/1"}],"replies":[{"embeddable":true,"href":"https:\/\/audiowo.com\/pt-pt\/wp-json\/wp\/v2\/comments?post=7917"}],"version-history":[{"count":0,"href":"https:\/\/audiowo.com\/pt-pt\/wp-json\/wp\/v2\/pages\/7917\/revisions"}],"wp:attachment":[{"href":"https:\/\/audiowo.com\/pt-pt\/wp-json\/wp\/v2\/media?parent=7917"}],"curies":[{"name":"wp","href":"https:\/\/api.w.org\/{rel}","templated":true}]}}

<div data-elementor-type="wp-page" data-elementor-id="7917" class="elementor elementor-7917 elementor-5263" data-elementor-post-type="page">
				<div class="elementor-element elementor-element-7afe304 e-flex e-con-boxed e-con e-parent" data-id="7afe304" data-element_type="container" data-e-type="container">
					<div class="e-con-inner">
				<div class="elementor-element elementor-element-d711f11 elementor-widget elementor-widget-heading" data-id="d711f11" data-element_type="widget" data-e-type="widget" data-widget_type="heading.default">
					<h1 class="elementor-heading-title elementor-size-default">Faixas Musicais Feitas por Medida</h1>				</div>
					</div>
				</div>
		<div class="elementor-element elementor-element-b3a24c1 e-flex e-con-boxed e-con e-parent" data-id="b3a24c1" data-element_type="container" data-e-type="container">
					<div class="e-con-inner">
				<div class="elementor-element elementor-element-958aea1 elementor-widget elementor-widget-heading" data-id="958aea1" data-element_type="widget" data-e-type="widget" data-widget_type="heading.default">
					<h3 class="elementor-heading-title elementor-size-default">Adaptadas à Sua Visão e Marca</h3>				</div>
					</div>
				</div>
		<div class="elementor-element elementor-element-11b1652 e-flex e-con-boxed e-con e-parent" data-id="11b1652" data-element_type="container" data-e-type="container">
					<div class="e-con-inner">
		<div class="elementor-element elementor-element-dedd173 e-con-full e-flex e-con e-child" data-id="dedd173" data-element_type="container" data-e-type="container">
				<div class="elementor-element elementor-element-f6ccb80 elementor-widget elementor-widget-text-editor" data-id="f6ccb80" data-element_type="widget" data-e-type="widget" data-widget_type="text-editor.default">
									<h3 data-section-id="yc8960" data-start="398" data-end="445">Música Feita por Medida</h3><p data-start="447" data-end="686">Procura uma faixa musical única que se adapte perfeitamente à sua ideia, marca ou projeto? Na Audiowo, cada faixa é criada de raiz por medida pelo produtor fantasma Don Fidelis, garantindo originalidade, qualidade e um som que verdadeiramente se destaca. </p><p data-start="688" data-end="705">Quer necessite de:</p><ul data-start="706" data-end="946"><li data-section-id="1jk1log" data-start="706" data-end="774">Um género específico (EDM, pop, hip-hop, cinemático, ambiente, etc.)</li><li data-section-id="z43kc4" data-start="775" data-end="807">Uma faixa totalmente instrumental</li><li data-section-id="19ebevm" data-start="808" data-end="835">Vocais masculinos ou femininos</li><li data-section-id="xa32kv" data-start="836" data-end="894">Música para branding, publicidade ou identidade empresarial</li><li data-section-id="16sjc85" data-start="895" data-end="946">Ou uma faixa baseada num tema ou história específicos</li><li data-section-id="16sjc85" data-start="895" data-end="946">Em qualquer idioma</li></ul><p data-start="948" data-end="1007">Praticamente qualquer conceito razoável pode ser traduzido em música.</p><h4 data-section-id="10gtqvy" data-start="1009" data-end="1039">Potenciado por Experiência + IA</h4><p data-start="1041" data-end="1161">Com anos de experiência em produção, Don Fidelis integra agora ferramentas avançadas de IA no seu fluxo de trabalho. Isto permite: </p><ul data-start="1162" data-end="1265"><li data-section-id="ngut33" data-start="1162" data-end="1190">Ciclos de produção mais rápidos</li><li data-section-id="1gsr04c" data-start="1191" data-end="1223">Maior flexibilidade criativa</li><li data-section-id="18f8q" data-start="1224" data-end="1265">Design sonoro mais refinado e diversificado</li></ul><p data-start="1267" data-end="1366">O resultado: música de maior qualidade, entregue de forma eficiente, sem comprometer o controlo artístico.</p><h4 data-section-id="u4dr43" data-start="1368" data-end="1398">Qualidade Sonora Profissional</h4><p data-start="1400" data-end="1471">Cada faixa é profissionalmente misturada e masterizada segundo os padrões da indústria:</p><ul data-start="1472" data-end="1529"><li data-section-id="lf88k" data-start="1472" data-end="1500">LUFS integrado: ~12</li><li data-section-id="1xy6v74" data-start="1501" data-end="1529">LUFS de curto prazo: ~10</li></ul><p data-start="1531" data-end="1615">Isto garante que a sua música soa potente, clara e consistente em todas as plataformas.</p><h4 data-section-id="nq0mmo" data-start="1617" data-end="1645">Porquê Escolher Música Personalizada?</h4><ul data-start="1647" data-end="1849"><li data-section-id="sf6ua5" data-start="1647" data-end="1693">100 % única — sem conteúdo de stock ou reciclado</li><li data-section-id="vuf1xl" data-start="1694" data-end="1746">Totalmente alinhada com a sua visão ou identidade de marca</li><li data-section-id="1mos9vp" data-start="1747" data-end="1784">Flexível em géneros e estilos</li><li data-section-id="1c7ouvu" data-start="1785" data-end="1849">Adequada para uso comercial, marketing ou projetos pessoais</li></ul>								</div>
				</div>
		<div class="elementor-element elementor-element-435755d e-con-full e-flex e-con e-child" data-id="435755d" data-element_type="container" data-e-type="container">
				<div class="elementor-element elementor-element-625eccd elementor-grid-1 elementor-product-loop-item--align-center elementor-grid-tablet-3 elementor-grid-mobile-2 elementor-products-grid elementor-wc-products elementor-widget elementor-widget-woocommerce-products" data-id="625eccd" data-element_type="widget" data-e-type="widget" data-widget_type="woocommerce-products.default">
				<div class="elementor-widget-container">
					<div class="woocommerce columns-1 "><ul class="products elementor-grid columns-1">
<li class="product type-product post-8092 status-publish first instock product_cat-nao-categorizado has-post-thumbnail taxable shipping-taxable purchasable product-type-simple">
	<a href="https://audiowo.com/pt-pt/produto/faixa-de-musica-personalizada/" class="woocommerce-LoopProduct-link woocommerce-loop-product__link"><img fetchpriority="high" decoding="async" width="300" height="300" src="https://audiowo.com/wp-content/uploads/2026/04/Custom-made-music-track-Audiowo-Don-Fidelis-300x300.webp" class="attachment-woocommerce_thumbnail size-woocommerce_thumbnail" alt="Custom made music track - Audiowo - Don Fidelis" srcset="https://audiowo.com/wp-content/uploads/2026/04/Custom-made-music-track-Audiowo-Don-Fidelis-300x300.webp 300w, https://audiowo.com/wp-content/uploads/2026/04/Custom-made-music-track-Audiowo-Don-Fidelis-150x150.webp 150w, https://audiowo.com/wp-content/uploads/2026/04/Custom-made-music-track-Audiowo-Don-Fidelis-768x768.webp 768w, https://audiowo.com/wp-content/uploads/2026/04/Custom-made-music-track-Audiowo-Don-Fidelis-600x600.webp 600w, https://audiowo.com/wp-content/uploads/2026/04/Custom-made-music-track-Audiowo-Don-Fidelis-100x100.webp 100w, https://audiowo.com/wp-content/uploads/2026/04/Custom-made-music-track-Audiowo-Don-Fidelis.webp 800w" sizes="(max-width: 300px) 100vw, 300px" /><h2 class="woocommerce-loop-product__title">Faixa de Música Personalizada</h2>
	<span class="price"><span class="woocommerce-Price-amount amount"><bdi>300,00&nbsp;<span class="woocommerce-Price-currencySymbol">&euro;</span></bdi></span></span>
</a><a href="/pt-pt/wp-json/wp/v2/pages/7917?add-to-cart=8092" aria-describedby="woocommerce_loop_add_to_cart_link_describedby_8092" data-quantity="1" class="button product_type_simple add_to_cart_button ajax_add_to_cart" data-product_id="8092" data-product_sku="" aria-label="Adiciona ao carrinho: &ldquo;Faixa de Música Personalizada&rdquo;" rel="nofollow" data-success_message="«Faixa de Música Personalizada» foi adicionado ao seu carrinho" role="button">Adicionar</a>	<span id="woocommerce_loop_add_to_cart_link_describedby_8092" class="screen-reader-text">
			</span>
</li>
</ul>
</div>				</div>
				</div>
				</div>
					</div>
				</div>
				</div>

<p>Faixas Musicais Feitas por Medida Adaptadas à Sua Visão e Marca Música Feita por Medida Procura uma faixa musical única que se adapte perfeitamente à sua ideia, marca ou projeto? Na Audiowo, cada faixa é criada de raiz por medida pelo produtor fantasma Don Fidelis, garantindo originalidade, qualidade e um som que verdadeiramente se destaca. [&hellip;]</p>
